{"id":336,"date":"2017-06-03T17:44:46","date_gmt":"2017-06-03T15:44:46","guid":{"rendered":"http:\/\/kirche-hahn.de\/wordpress\/?page_id=336"},"modified":"2017-06-27T18:35:30","modified_gmt":"2017-06-27T16:35:30","slug":"beerdigung","status":"publish","type":"page","link":"https:\/\/kirche-hahn.de\/wordpress\/beerdigung\/","title":{"rendered":"Beerdigung"},"content":{"rendered":"<p>Wenn ein nahe stehender Mensch stirbt, wirft das die Angeh\u00f6rigen oft aus der Bahn. Neben der Trauer und dem Abschiednehmen ist vieles zu regeln und zu erledigen. Da ist es gut, wenn die Angeh\u00f6rigen nicht alleine gelassen sind.<\/p>\n<p>Pfarrerinnen und Pfarrer begleiten die Trauernden in dieser Phase und bieten ihre Hilfe an bei der Aufgabe, mit dem Schmerz fertig zu werden und den Abschied zu gestalten.<br \/>\nWenn es gew\u00fcnscht wird, kommen sie auch als Begleiter\/innen w\u00e4hrend der letzten Lebensphase eines Menschen oder zur Aussegnung unmittelbar nach dem Tod nach Hause.<\/p>\n<p>Nach dem Tod regelt der Bestatter viele beh\u00f6rdliche Dinge und entlastet die Angeh\u00f6rigen dadurch sehr.<br \/>\nDie inhaltliche Gestaltung der Trauerfeier wird mit dem Pfarrer\/der Pfarrerin besprochen.<\/p>\n<p>Die Trauerfeier ist ein Gottesdienst, in dem der Erinnerung an die Verstorbenen Raum gegeben wird, in dem die Angeh\u00f6rigen Trost und Halt bekommen sollen und in dem auch Menschen aus dem Freundeskreis, der Nachbarschaft oder dem Dorf sich verabschieden und den Trauernden ihr Mitgef\u00fchl bekunden k\u00f6nnen. In einem Vorgespr\u00e4ch zwischen Pfarrer\/in und Angeh\u00f6rigen k\u00f6nnen die W\u00fcnsche zur Gestaltung der Trauerfeier bzw. Beerdigung bedacht werden wie etwa ein Bibelvers, der der Ansprache zu Grunde gelegt wird, oder auch die Auswahl der Musik, die gespielt wird. Dabei k\u00f6nnen pers\u00f6nliche Vorlieben der\/des Verstorbenen oder der Angeh\u00f6rigen ber\u00fccksichtigt werden. Allerdings soll der Charakter des Gottesdienstes dadurch nicht verloren gehen.<\/p>\n<p>Wenn der\/die Verstorbene nach der Trauerfeier einge\u00e4schert wird, kann der Pfarrer\/die Pfarrerin auch gebeten werden, bei der Urnenbeisetzung anwesend zu sein.<\/p>\n<p>In einem Sonntagsgottesdienst nach der Beerdigung bzw. nach der Beisetzung der Urne werden die Verstorbenen im Gottesdienst noch einmal namentlich genannt und in die F\u00fcrbitte der Gemeinde eingeschlossen, ebenso wie im auf die Bestattung folgenden Ewigkeitssonntag. Dazu werden die Angeh\u00f6rigen eingeladen.<\/p>\n<h6>Bestattung in einer anderen als der Heimatgemeinde<\/h6>\n<p>Wer eine Bestattung in einer anderen Kirchengemeinde w\u00fcnscht, braucht ein Dimissoriale. Das ist eine Best\u00e4tigung, dass der Heimatpfarrer\/die Heimatpfarrerin \u00fcber die anstehende Amtshandlung informiert wird und der Durchf\u00fchrung an einem anderen Ort zustimmt.<\/p>\n<p>Wer ein solches Formular ben\u00f6tigt, erh\u00e4lt das im Pfarrb\u00fcro der Heimatgemeinde. Die Daten \u00fcber die Amtshandlung werden nach der Durchf\u00fchrung durch den beteiligten Pfarrer\/die beteiligte Pfarrerin an die Heimatgemeinde weitergeleitet.<\/p>\n","protected":false},"excerpt":{"rendered":"<p>Wenn ein nahe stehender Mensch stirbt, wirft das die Angeh\u00f6rigen oft aus der Bahn. Neben der Trauer und dem Abschiednehmen ist vieles zu regeln und zu erledigen. Da ist es gut, wenn die Angeh\u00f6rigen nicht alleine gelassen sind. Pfarrerinnen und Pfarrer begleiten die Trauernden in dieser Phase und bieten ihre Hilfe an bei der Aufgabe, mit dem Schmerz fertig zu<\/p>\n","protected":false},"author":5,"featured_media":0,"parent":0,"menu_order":0,"comment_status":"closed","ping_status":"closed","template":"","meta":{"footnotes":""},"class_list":["post-336","page","type-page","status-publish","hentry"],"jetpack_sharing_enabled":true,"_links":{"self":[{"href":"https:\/\/kirche-hahn.de\/wordpress\/wp-json\/wp\/v2\/pages\/336","targetHints":{"allow":["GET"]}}],"collection":[{"href":"https:\/\/kirche-hahn.de\/wordpress\/wp-json\/wp\/v2\/pages"}],"about":[{"href":"https:\/\/kirche-hahn.de\/wordpress\/wp-json\/wp\/v2\/types\/page"}],"author":[{"embeddable":true,"href":"https:\/\/kirche-hahn.de\/wordpress\/wp-json\/wp\/v2\/users\/5"}],"replies":[{"embeddable":true,"href":"https:\/\/kirche-hahn.de\/wordpress\/wp-json\/wp\/v2\/comments?post=336"}],"version-history":[{"count":7,"href":"https:\/\/kirche-hahn.de\/wordpress\/wp-json\/wp\/v2\/pages\/336\/revisions"}],"predecessor-version":[{"id":847,"href":"https:\/\/kirche-hahn.de\/wordpress\/wp-json\/wp\/v2\/pages\/336\/revisions\/847"}],"wp:attachment":[{"href":"https:\/\/kirche-hahn.de\/wordpress\/wp-json\/wp\/v2\/media?parent=336"}],"curies":[{"name":"wp","href":"https:\/\/api.w.org\/{rel}","templated":true}]}}