{"id":1637,"date":"2018-05-21T12:09:11","date_gmt":"2018-05-21T10:09:11","guid":{"rendered":"http:\/\/kirche-hahn.de\/?page_id=1637"},"modified":"2025-10-30T14:43:14","modified_gmt":"2025-10-30T13:43:14","slug":"impressum-2","status":"publish","type":"page","link":"https:\/\/kirche-hahn.de\/wordpress\/impressum-2\/","title":{"rendered":"Impressum"},"content":{"rendered":"<h3>Herausgeber<\/h3>\n<p class=\"bodytext\">Evangelische Kirchengemeinde Hahn<br \/>\nPfarrerin Ute Strack de Carrillo<br \/>\nObergasse 25<br \/>\n64319 Pfungstadt-Hahn<br \/>\nTelefon: 06157-2467<br \/>\nFax: 06157-86590<br \/>\nE-Mail: kirchengemeinde.hahn@ekhn.de<\/p>\n<h3>Programmierung und Umsetzung:<\/h3>\n<p class=\"bodytext\">FD-COM &#8211; Service f\u00fcr Telekommunikation und Datentechnik<br \/>\nIm Suden 16<br \/>\n64319 Pfungstadt<br \/>\nTelefon: 06157-808264<\/p>\n<h2>Rechtliche Hinweise<\/h2>\n<h3>1. Haftungsbeschr\u00e4nkung<\/h3>\n<p class=\"bodytext\">Die Inhalte dieser Website werden mit gr\u00f6\u00dftm\u00f6glicher Sorgfalt recherchiert und erstellt. Wir \u00fcbernehmen jedoch keine Gew\u00e4hr f\u00fcr die Richtigkeit, Vollst\u00e4ndigkeit und Aktualit\u00e4t der bereitgestellten Inhalte.<\/p>\n<h3>2. Externe Links<\/h3>\n<p class=\"bodytext\">Die Website <strong>kirche-hahn.de<\/strong> enth\u00e4lt Verkn\u00fcpfungen zu Websites Dritter (&#8222;externe Links&#8220;). Diese unterliegen der Haftung der jeweiligen Betreiber, die allein verantwortlich sind f\u00fcr deren Inhalte. Bei Kenntnis von Rechtsverst\u00f6\u00dfen &#8211; auf Grund entsprechender Hinweise &#8211; werden jedoch derartige externe Links unverz\u00fcglich gel\u00f6scht. Auch f\u00fcr Inhalte dritter Websites, die auf kirche-hahn.de verweisen, \u00fcbernehmen wir keine Verantwortung.<\/p>\n<h3>3. Urheber- und Leistungsschutzrechte<\/h3>\n<p class=\"bodytext\">Inhalt und Struktur der Webseiten der Evangelischen Kirchengemeinde Pfungstadt-Hahn sind urheberrechtlich gesch\u00fctzt. Jede vom deutschen Urheber- und Leistungsschutzrecht nicht zugelassene Verwertung bedarf der vorherigen schriftlichen Zustimmung des Anbieters oder jeweiligen Rechteinhabers. Dies gilt insbesondere f\u00fcr Vervielf\u00e4ltigung, Bearbeitung, \u00dcbersetzung, Einspeicherung, Verarbeitung bzw. Wiedergabe von Inhalten in Datenbanken oder anderen elektronischen Medien und Systemen. Inhalte und Rechte Dritter sind dabei als solche gekennzeichnet. Die unerlaubte Vervielf\u00e4ltigung oder Weitergabe einzelner Inhalte oder kompletter Seiten ist nicht gestattet und strafbar. Lediglich die Herstellung von Kopien und Downloads f\u00fcr den pers\u00f6nlichen, privaten und nicht kommerziellen Gebrauch ist erlaubt.<\/p>\n<p class=\"bodytext\">Wir behalten uns das Recht vor, \u00c4nderungen oder Erg\u00e4nzungen bereit gestellter Informationen vorzunehmen.<\/p>\n<h3><strong>4. Ihre Rechte<\/strong><\/h3>\n<p>Sie haben das Recht,<\/p>\n<ul>\n<li>eine Einwilligung jederzeit mit Wirkung f\u00fcr die Zukunft zu widerrufen<br \/>\n(\u00a7 11 Abs. 3 DSG-EKD).<\/li>\n<li>Auskunft (\u00a7 19 DSG-EKD) \u00fcber Ihre bei uns gespeicherten Daten zu erhalten.<\/li>\n<li>dass unrichtige Daten \u00fcber Sie bei uns berichtigt (\u00a7 20 DSG-EKD) werden.<\/li>\n<li>dass nicht mehr erforderliche Daten \u00fcber Sie bei uns gel\u00f6scht (\u00a7 21 DSG-EKD) werden.<\/li>\n<li>dass unter bestimmten Bedingungen die Verarbeitung Ihrer Daten eingeschr\u00e4nkt (\u00a7 22 DSG-EKD) wird. Das kann beispielsweise der Fall sein, wenn z. B. eine L\u00f6schung nicht m\u00f6glich ist, die Daten aber nicht weiterverarbeitet werden d\u00fcrfen.<\/li>\n<li>dass Ihre Daten \u00fcbertragbar (\u00a7 24 DSG-EKD) sind. Dieses Recht gilt insbesondere dann, wenn Sie zur Verarbeitung Ihrer Daten eine Einwilligung gegeben haben ober wenn die Verarbeitung der Daten notwendig ist, um einen Vertrag zu erf\u00fcllen. Das Recht auf Daten\u00fcbertragbarkeit besteht nicht, soweit Ihre Daten im Rahmen der gesetzlichen Aufgabenerf\u00fcllung der EKHN verarbeitet werden.<\/li>\n<li>in einer besonderen Situation der weiteren Verarbeitung Ihrer personenbezogenen Daten zu widersprechen (\u00a7 25 DSG-EKD), soweit dies durch die Wahrnehmung \u00f6ffentlicher Aufgaben oder \u00f6ffentlicher sowie privater Interessen gerechtfertigt ist.<\/li>\n<li>sich bei der zust\u00e4ndigen Aufsichtsbeh\u00f6rde zu beschweren (\u00a7 46 DSG-EKD), wenn Sie der Meinung sind, dass die Verarbeitung Ihrer Daten gegen die gesetzlichen Vorgaben verst\u00f6\u00dft.<\/li>\n<\/ul>\n<p><strong>Der Datenschutzbeauftragte f\u00fcr den Datenschutz der Evangelischen Kirchen in Deutschland<\/strong><\/p>\n<p>Die Aufsicht \u00fcber die Einhaltung der Vorschriften zum Datenschutz obliegt im kirchlichen Bereich dem Beauftragten f\u00fcr den Datenschutz der EKD. F\u00fcr den Bereich der Evangelischen Kirche in Hessen und Nassau (EKHN) ist zust\u00e4ndig die<\/p>\n<p>Au\u00dfenstelle Dortmund f\u00fcr die Datenschutzregion Mitte-West<br \/>\nFriedhof 4<br \/>\n44135 Dortmund<br \/>\nTel: 0231 \/ 533827-0<br \/>\nFax: 0231 \/ 533827-20<br \/>\nE-Mail: mitte-west@datenschutz.ekd.de<\/p>\n<p>Unsere Datenschutzerkl\u00e4rung finden sie hier: <a href=\"http:\/\/kirche-hahn.de\/datenschutzerklaerung\/\">Datenschutzerkl\u00e4rung<\/a><\/p>\n","protected":false},"excerpt":{"rendered":"<p>Herausgeber Evangelische Kirchengemeinde Hahn Pfarrerin Ute Strack de Carrillo Obergasse 25 64319 Pfungstadt-Hahn Telefon: 06157-2467 Fax: 06157-86590 E-Mail: kirchengemeinde.hahn@ekhn.de Programmierung und Umsetzung: FD-COM &#8211; Service f\u00fcr Telekommunikation und Datentechnik Im Suden 16 64319 Pfungstadt Telefon: 06157-808264 Rechtliche Hinweise 1. Haftungsbeschr\u00e4nkung Die Inhalte dieser Website werden mit gr\u00f6\u00dftm\u00f6glicher Sorgfalt recherchiert und erstellt. Wir \u00fcbernehmen jedoch keine Gew\u00e4hr f\u00fcr die Richtigkeit, Vollst\u00e4ndigkeit<\/p>\n","protected":false},"author":4,"featured_media":0,"parent":0,"menu_order":0,"comment_status":"closed","ping_status":"closed","template":"","meta":{"footnotes":""},"class_list":["post-1637","page","type-page","status-publish","hentry"],"jetpack_sharing_enabled":true,"_links":{"self":[{"href":"https:\/\/kirche-hahn.de\/wordpress\/wp-json\/wp\/v2\/pages\/1637","targetHints":{"allow":["GET"]}}],"collection":[{"href":"https:\/\/kirche-hahn.de\/wordpress\/wp-json\/wp\/v2\/pages"}],"about":[{"href":"https:\/\/kirche-hahn.de\/wordpress\/wp-json\/wp\/v2\/types\/page"}],"author":[{"embeddable":true,"href":"https:\/\/kirche-hahn.de\/wordpress\/wp-json\/wp\/v2\/users\/4"}],"replies":[{"embeddable":true,"href":"https:\/\/kirche-hahn.de\/wordpress\/wp-json\/wp\/v2\/comments?post=1637"}],"version-history":[{"count":8,"href":"https:\/\/kirche-hahn.de\/wordpress\/wp-json\/wp\/v2\/pages\/1637\/revisions"}],"predecessor-version":[{"id":5237,"href":"https:\/\/kirche-hahn.de\/wordpress\/wp-json\/wp\/v2\/pages\/1637\/revisions\/5237"}],"wp:attachment":[{"href":"https:\/\/kirche-hahn.de\/wordpress\/wp-json\/wp\/v2\/media?parent=1637"}],"curies":[{"name":"wp","href":"https:\/\/api.w.org\/{rel}","templated":true}]}}