{"id":1634,"date":"2018-05-21T11:49:35","date_gmt":"2018-05-21T09:49:35","guid":{"rendered":"http:\/\/kirche-hahn.de\/?page_id=1634"},"modified":"2025-10-30T14:47:45","modified_gmt":"2025-10-30T13:47:45","slug":"datenschutzerklaerung","status":"publish","type":"page","link":"https:\/\/kirche-hahn.de\/wordpress\/datenschutzerklaerung\/","title":{"rendered":"Datenschutzerkl\u00e4rung"},"content":{"rendered":"<p class=\"bodytext\">Wir nehmen den Schutz Ihrer pers\u00f6nlichen Daten sehr ernst und behandeln Ihre personenbezogenen Daten vertraulich und entsprechend der kirchlichen Datenschutzgesetze sowie dieser Datenschutzerkla\u0308rung. Die Sicherheit Ihrer Daten steht f\u00fcr uns an erster Stelle.<\/p>\n<p>Anbieter dieser Internetseite:<br \/>\nEvangelische Kirchengemeinde Pfungstadt-Hahn<br \/>\nObergasse 25<br \/>\n64319 Pfungstadt<br \/>\nTel.: 06157-2467<br \/>\nFax: 06157-86590<br \/>\nE-Mail: info@kirche-hahn.de<\/p>\n<p class=\"bodytext\">Die Nutzung dieser Webseite ist in der Regel ohne Angabe personenbezogener Daten m\u00f6glich. Soweit auf unseren Seiten personenbezogene Daten (beispielsweise Name, Anschrift oder E-Mail-Adressen) erhoben werden, erfolgt dies, soweit m\u00f6glich, stets auf freiwilliger Basis. Diese Daten werden ohne Ihre ausdr\u00fcckliche Zustimmung nicht an Dritte weitergegeben. Die nachfolgende Erkl\u00e4rung gibt Ihnen einen \u00dcberblick dar\u00fcber, wie dieser Schutz gew\u00e4hrleistet werden soll und welche Art von Daten zu welchem Zweck von Ihnen erhoben werden.<\/p>\n<p>Wir weisen darauf hin, dass die Daten\u00fcbertragung im Internet (z.B. bei der Kommunikation per E-Mail) Sicherheitslu\u0308cken aufweisen kann. Ein l\u00fcckenloser Schutz der Daten vor dem Zugriff durch Dritte ist nicht m\u00f6glich.<\/p>\n<h4><i><b>Datenverarbeitung auf dieser Internetseite<\/b><\/i><\/h4>\n<h4><b>Server-Log-Files<\/b><\/h4>\n<p>Im Allgemeinen ist es f\u00fcr die Nutzung userer Internetseiten nicht erforderlich, dass Sie personenbezogene Daten angeben. Um die Zugriffs-Statistik auf die Internetseite zu erheben, werden folgende Daten automatisch in Log-Files des Servers erhoben und gespeichert, die der Browser \u00fcbermittelt. Diese sind:<br \/>\n\u2022\u00a0\u00a0 \u00a0IP-Adresse<br \/>\n\u2022\u00a0\u00a0 \u00a0Betriebssystem<br \/>\n\u2022\u00a0\u00a0 \u00a0Browser-Typ \/ -Version \/ -Sprache<br \/>\n\u2022\u00a0\u00a0 \u00a0Name Ihres Internet Service Providers<br \/>\n\u2022\u00a0\u00a0 \u00a0Uhrzeit der Server-Anfrage<br \/>\n\u2022\u00a0\u00a0 \u00a0Webseite, von der aus Sie uns besuchen (Referrer-URL)<br \/>\n\u2022\u00a0\u00a0 \u00a0Webseiten, die Sie bei uns besuchen.<\/p>\n<p>Diese Daten sind nicht bestimmten Personen zuordenbar. Eine Zusammenf\u00fchrung dieser Daten mit anderen Datenquellen wird nicht vorgenommen.<\/p>\n<h4><b>Umgang mit Daten f\u00fcr Dienstleistungen<\/b><\/h4>\n<p>Damit wir bestimmte Dienstleistungen erbringen k\u00f6nnen, ben\u00f6tigen wir ggf. Ihre personenbezogenen Daten. Dies gilt sowohl\u00a0 bei der Zusendung des Newsletters, von Informationsmaterial oder bestellter Ware\u00a0 sowie auch f\u00fcr die Beantwortung individueller Anfragen.<br \/>\nWir speichern nur Daten, die f\u00fcr die Erbringung der Dienstleistung\u00a0 notwendig sind (z. B. die Adresse oder die E-Mail-Adresse). Falls wir eine der nachfolgend beschriebenen Handlungen vornehmen oder Leistungen erbringen und wir dazu Ihre personenbezogenen Daten erheben und speichern, werden Sie an der entsprechenden Stelle unserer Internetseite um Ihre ausdr\u00fcckliche Einwilligung ersucht bei:<br \/>\n\u2022\u00a0\u00a0 \u00a0Zusendung de Newsletters<br \/>\n\u2022\u00a0\u00a0 \u00a0Gewinnspiel- und Wettbewerbsteilnahme<br \/>\n\u2022\u00a0\u00a0 \u00a0Personalisierung unserer Webseite<br \/>\n\u2022\u00a0\u00a0 \u00a0weitere Dienste und Angebote, f\u00fcr deren Datenerhebung Ihre ausdr\u00fcckliche Einwilligung erforderlich ist.<\/p>\n<h4><b>Kontaktformular<\/b><\/h4>\n<p>Wenn Sie uns per Kontaktformular Anfragen zukommen lassen, werden Ihre Angaben aus dem Anfrageformular inklusive der von Ihnen dort angegebenen Kontaktdaten zwecks Bearbeitung der Anfrage und f\u00fcr den Fall von Anschlussfragen bei uns gespeichert. Diese Daten geben wir nicht ohne Ihre Einwilligung weiter.<\/p>\n<h4><b>Verwendung von Cookies und Analysetool<\/b><\/h4>\n<p>Unsere Internetseiten verwenden teilweise sogenannte Cookies. Cookies richten auf Ihrem Rechner keinen Schaden an und enthalten keine Viren. Cookies dienen dazu, unser Angebot nutzerfreundlicher, effektiver und sicherer zu machen. Cookies sind kleine Textdateien, die auf Ihrem Rechner abgelegt werden und die Ihr Browser speichert.<\/p>\n<p>Die meisten der von uns verwendeten Cookies sind sogenannte \u201eSession-Cookies\u201c. Sie werden nach Ende Ihres Besuchs automatisch gel\u00f6scht. Andere Cookies bleiben auf Ihrem Endger\u00e4t gespeichert, bis Sie diese l\u00f6schen. Diese Cookies erm\u00f6glichen es uns, Ihren Browser beim n\u00e4chsten Besuch wiederzuerkennen.<\/p>\n<p>Sie k\u00f6nnen Ihren Browser so einstellen, dass Sie \u00fcber das Setzen von Cookies informiert werden und Cookies nur im Einzelfall erlauben, die Annahme von Cookies f\u00fcr bestimmte F\u00e4lle oder generell ausschlie\u00dfen sowie das automatische L\u00f6schen der Cookies beim Schlie\u00dfen des Browser aktivieren. Bei der Deaktivierung von Cookies kann die Funktionalit\u00e4t dieser Website eingeschr\u00e4nkt sein.<\/p>\n<h4><b>Omniscale OpenStreetMap<\/b><\/h4>\n<p>Diese Webseite verwendet das Produkt OpenStreetMap von Omniscale f\u00fcr Kartendaten. OpenStreetMap wird von Omniscale GmbH &amp; Co KG, Ehnernstr. 157 in 26121 Oldenburg betrieben. Durch Nutzung dieser Webseite erkl\u00e4ren Sie sich mit der Erfassung, Bearbeitung sowie Nutzung der automatisiert erhobenen Daten Omniscale einverstanden. Die Nutzungsbedingungen von OpenStreetMap finden Sie hier: Verlinken auf <a href=\"https:\/\/omniscale.de\/nutzungsbedingungen\" target=\"_blank\" rel=\"noopener\">omniscale.de\/nutzungsbedingungen<\/a><\/p>\n<h4><b>Google Maps<\/b><\/h4>\n<p>Diese Webseite verwendet das Produkt Google Maps von Google Inc zur Routenplanung. Google Maps wird von Google Inc., 1600 Amphitheatre Parkway, Mountain View, CA 94043, USA betrieben. Durch Nutzung dieser Webseite erkl\u00e4ren Sie sich mit der Erfassung, Bearbeitung sowie Nutzung der automatisiert erhobenen Daten durch Google Inc, deren Vertreter sowie Dritter einverstanden.<br \/>\nDie Nutzungsbedingungen von Google Maps finden Sie hier: Verlinken auf <a href=\"https:\/\/www.google.com\/intl\/de_de\/help\/terms_maps.html\" target=\"_blank\" rel=\"noopener\">www.google.com\/intl\/de_de\/help\/terms_maps.html<\/a><\/p>\n<h4><b>TLS (SSL)-Verschlu\u0308sselung<\/b><\/h4>\n<p>Diese Seite nutzt aus Gr\u00fcnden der Sicherheit und zum Schutz der \u00dcbertragung vertraulicher Inhalte, wie zum Beispiel der Anfragen, die Sie an uns als Seitenbetreiber senden, eine TLS-Verschlu\u0308sselung. Eine verschl\u00fcsselte Verbindung erkennen Sie daran, dass die Adresszeile des Browsers von &#8222;http:\/\/&#8220; auf &#8222;https:\/\/&#8220; wechselt und an dem Schloss-Symbol in Ihrer Browserzeile.<\/p>\n<p>Wenn die TLS Verschl\u00fcsselung aktiviert ist, k\u00f6nnen die Daten, die Sie an uns \u00fcbermitteln, nicht von Dritten mitgelesen werden.<\/p>\n<h4><b>Links zu Webseiten anderer Anbieter<\/b><\/h4>\n<p>Unser Online-Angebot enth\u00e4lt Links zu Webseiten anderer Anbieter. Wir haben keinen Einfluss darauf, dass diese Anbieter die Datenschutzbestimmungen einhalten.<\/p>\n<h4><b>Ihr Recht auf Auskunft, L\u00f6schung, Sperrung<\/b><\/h4>\n<p>Sie haben als Nutzer das Recht, Auskunft dar\u00fcber zu verlangen, welche Daten \u00fcber Sie bei uns gespeichert sind und zu welchem Zweck diese Speicherung erfolgt. Dar\u00fcber hinaus k\u00f6nnen Sie unrichtige Daten berichtigen oder solche Daten l\u00f6schen lassen, deren Speicherung unzul\u00e4ssig oder nicht mehr erforderlich ist. Sie haben die Rechte auf Daten\u00fcbertragbarkeit, Einschr\u00e4nkung der Verarbeitung und Widerspruch. Au\u00dferdem haben Sie das Recht, sich bei der Aufsichtsbeh\u00f6rde \u00fcber die stattfindende Datenverarbeitung zu beschweren. Zust\u00e4ndige Aufsichtsbeh\u00f6rde ist Der Beauftragte f\u00fcr den Datenschutz der EKD \u2013 Adresse siehe unten.<\/p>\n<p>Sie erhalten jederzeit ohne Angabe von Gr\u00fcnden kostenfrei Auskunft \u00fcber Ihre bei uns gespeicherten Daten. Sie k\u00f6nnen jederzeit Ihre bei uns erhobenen Daten sperren, berichtigen oder l\u00f6schen lassen. Auch k\u00f6nnen Sie jederzeit die uns erteilte Einwilligung zur Datenerhebung und Verwendung ohne Angaben von Gr\u00fcnden widerrufen. Wenden Sie sich hierzu bitte an die auf dieser Seite angegebene Kontaktadresse des Datenschutzbeauftragten. Wir stehen Ihnen jederzeit gern f\u00fcr weitergehende Fragen zu unserem Hinweisen zum Datenschutz und zur Verarbeitung Ihrer pers\u00f6nlichen Daten zur Verf\u00fcgung.<\/p>\n<h4><b>Der Datenschutzbeauftragte f\u00fcr den Datenschutz der Evangelischen Kirchen in Deutschland<\/b><\/h4>\n<p>Die Aufsicht \u00fcber die Einhaltung der Vorschriften zum Datenschutz obliegt im kirchlichen Bereich dem Beauftragten f\u00fcr den Datenschutz der EKD. F\u00fcr den Bereich der Evangelischen Kirche in Hessen und Nassau (EKHN) ist zust\u00e4ndig die Au\u00dfenstelle Dortmund f\u00fcr die Datenschutzregion Mitte-West<br \/>\nFriedhof 4<br \/>\n44135 Dortmund<br \/>\nTel: 0231 \/ 533827-0<br \/>\nFax: 0231 \/ 533827-20<br \/>\nE-Mail: \u00a0\u00a0 \u00a0mitte-west@datenschutz.ekd.de<\/p>\n<h3><strong>Ihre Rechte<\/strong><\/h3>\n<p>Sie haben das Recht,<\/p>\n<ul>\n<li>eine Einwilligung jederzeit mit Wirkung f\u00fcr die Zukunft zu widerrufen<br \/>\n(\u00a7 11 Abs. 3 DSG-EKD).<\/li>\n<li>Auskunft (\u00a7 19 DSG-EKD) \u00fcber Ihre bei uns gespeicherten Daten zu erhalten.<\/li>\n<li>dass unrichtige Daten \u00fcber Sie bei uns berichtigt (\u00a7 20 DSG-EKD) werden.<\/li>\n<li>dass nicht mehr erforderliche Daten \u00fcber Sie bei uns gel\u00f6scht (\u00a7 21 DSG-EKD) werden.<\/li>\n<li>dass unter bestimmten Bedingungen die Verarbeitung Ihrer Daten eingeschr\u00e4nkt (\u00a7 22 DSG-EKD) wird. Das kann beispielsweise der Fall sein, wenn z. B. eine L\u00f6schung nicht m\u00f6glich ist, die Daten aber nicht weiterverarbeitet werden d\u00fcrfen.<\/li>\n<li>dass Ihre Daten \u00fcbertragbar (\u00a7 24 DSG-EKD) sind. Dieses Recht gilt insbesondere dann, wenn Sie zur Verarbeitung Ihrer Daten eine Einwilligung gegeben haben ober wenn die Verarbeitung der Daten notwendig ist, um einen Vertrag zu erf\u00fcllen. Das Recht auf Daten\u00fcbertragbarkeit besteht nicht, soweit Ihre Daten im Rahmen der gesetzlichen Aufgabenerf\u00fcllung der EKHN verarbeitet werden.<\/li>\n<li>in einer besonderen Situation der weiteren Verarbeitung Ihrer personenbezogenen Daten zu widersprechen (\u00a7 25 DSG-EKD), soweit dies durch die Wahrnehmung \u00f6ffentlicher Aufgaben oder \u00f6ffentlicher sowie privater Interessen gerechtfertigt ist.<\/li>\n<li>sich bei der zust\u00e4ndigen Aufsichtsbeh\u00f6rde zu beschweren (\u00a7 46 DSG-EKD), wenn Sie der Meinung sind, dass die Verarbeitung Ihrer Daten gegen die gesetzlichen Vorgaben verst\u00f6\u00dft.<\/li>\n<\/ul>\n<h4><b>Emails \/ Formulare<\/b><\/h4>\n<p>Aus technischen oder betrieblichen Gr\u00fcnden kann der Empfang von E-Mail-Kommunikation gest\u00f6rt sein und \/oder nicht rechtzeitig den Empf\u00e4nger erreichen. Daher hat die Versendung von E-Mails an uns keine fristwahrende Wirkung und kann Fristen nicht rechtsverbindlich setzen. Wir empfehlen, zeitkritische oder eilige Nachrichten zus\u00e4tzlich per Post, Kurier oder Telefax zu \u00fcbersenden.<\/p>\n<p>Falls Sie sicher sein wollen, dass Ihre E-Mail ordnungsgem\u00e4\u00df empfangen worden ist, fordern Sie bitte von dem Empf\u00e4nger eine schriftliche Empfangsbest\u00e4tigung an. Wir unternehmen alle vern\u00fcnftigerweise zu erwartenden Vorsichtsma\u00dfnahmen, um das Risiko einer \u00dcbertragung von Computerviren zu verhindern. Wir sind jedoch nicht haftbar f\u00fcr Sch\u00e4den, die durch Computerviren entstehen.<\/p>\n<p>Bitte f\u00fchren Sie selber \u00dcberpr\u00fcfungen auf Computerviren durch, bevor Sie E-Mails lesen, insbesondere bevor Sie Anh\u00e4nge zu E-Mails \u00f6ffnen. Die Kommunikation per E-Mail ist unsicher, da grunds\u00e4tzlich die M\u00f6glichkeit der Kenntnisnahme und Manipulation durch Dritte besteht. Wir empfehlen, keine vertraulichen Daten unverschl\u00fcsselt per E-Mail zu versenden.<\/p>\n<h4><b>\u00c4nderungen<\/b><\/h4>\n<p>Wir behalten uns vor, die Datenschutzerkl\u00e4rung zu \u00e4ndern, um sie an ge\u00e4nderte Rechtslagen, oder bei \u00c4nderungen des Dienstes sowie der Datenverarbeitung anzupassen. Dies gilt jedoch nur im Hinblick auf Erkl\u00e4rungen zur Datenverarbeitung. Sofern Einwilligungen der Nutzer erforderlich sind oder Bestandteile der Datenschutzerkl\u00e4rung Regelungen des Vertragsverh\u00e4ltnisses mit den Nutzern enthalten, erfolgen die \u00c4nderungen nur mit Zustimmung der Nutzer.<\/p>\n<p>Die Nutzer werden gebeten sich regelm\u00e4\u00dfig \u00fcber den Inhalt der Datenschutzerkl\u00e4rung zu informieren.<\/p>\n<p>Stand: 21. Mai 2018<\/p>\n","protected":false},"excerpt":{"rendered":"<p>Wir nehmen den Schutz Ihrer pers\u00f6nlichen Daten sehr ernst und behandeln Ihre personenbezogenen Daten vertraulich und entsprechend der kirchlichen Datenschutzgesetze sowie dieser Datenschutzerkla\u0308rung. Die Sicherheit Ihrer Daten steht f\u00fcr uns an erster Stelle. Anbieter dieser Internetseite: Evangelische Kirchengemeinde Pfungstadt-Hahn Obergasse 25 64319 Pfungstadt Tel.: 06157-2467 Fax: 06157-86590 E-Mail: info@kirche-hahn.de Die Nutzung dieser Webseite ist in der Regel ohne Angabe personenbezogener<\/p>\n","protected":false},"author":4,"featured_media":0,"parent":0,"menu_order":0,"comment_status":"closed","ping_status":"closed","template":"","meta":{"footnotes":""},"class_list":["post-1634","page","type-page","status-publish","hentry"],"jetpack_sharing_enabled":true,"_links":{"self":[{"href":"https:\/\/kirche-hahn.de\/wordpress\/wp-json\/wp\/v2\/pages\/1634","targetHints":{"allow":["GET"]}}],"collection":[{"href":"https:\/\/kirche-hahn.de\/wordpress\/wp-json\/wp\/v2\/pages"}],"about":[{"href":"https:\/\/kirche-hahn.de\/wordpress\/wp-json\/wp\/v2\/types\/page"}],"author":[{"embeddable":true,"href":"https:\/\/kirche-hahn.de\/wordpress\/wp-json\/wp\/v2\/users\/4"}],"replies":[{"embeddable":true,"href":"https:\/\/kirche-hahn.de\/wordpress\/wp-json\/wp\/v2\/comments?post=1634"}],"version-history":[{"count":8,"href":"https:\/\/kirche-hahn.de\/wordpress\/wp-json\/wp\/v2\/pages\/1634\/revisions"}],"predecessor-version":[{"id":5239,"href":"https:\/\/kirche-hahn.de\/wordpress\/wp-json\/wp\/v2\/pages\/1634\/revisions\/5239"}],"wp:attachment":[{"href":"https:\/\/kirche-hahn.de\/wordpress\/wp-json\/wp\/v2\/media?parent=1634"}],"curies":[{"name":"wp","href":"https:\/\/api.w.org\/{rel}","templated":true}]}}